{"id":11586,"date":"2025-10-18T14:55:57","date_gmt":"2025-10-18T17:55:57","guid":{"rendered":"https:\/\/p3.rvinfo.com.br\/evento\/2a-quarta-online-serie-aniversario-de-01-ano-da-reforma-da-lei-de-rj-e-falencia-consolidacao-processual-e-substancial-decisoes-recentes\/"},"modified":"2025-10-20T20:14:19","modified_gmt":"2025-10-20T23:14:19","slug":"2a-quarta-online-serie-aniversario-de-01-ano-da-reforma-da-lei-de-rj-e-falencia-consolidacao-processual-e-substancial-decisoes-recentes","status":"publish","type":"tribe_events","link":"https:\/\/p3.rvinfo.com.br\/en\/evento\/2a-quarta-online-serie-aniversario-de-01-ano-da-reforma-da-lei-de-rj-e-falencia-consolidacao-processual-e-substancial-decisoes-recentes\/","title":{"rendered":"2\u00aa Quarta Online &#8211; S\u00e9rie: Anivers\u00e1rio de 01 ano da reforma da Lei de RJ e Fal\u00eancia &#8211; Consolida\u00e7\u00e3o Processual e Substancial: Decis\u00f5es Recentes"},"content":{"rendered":"<p>Vagas limitadas.<br \/>\nModeradora: Renata Oliveira, S\u00f3cia Machado Meyer Advogados<br \/>\nDebatedores: Alberto Cami\u00f1a, S\u00f3cio Cami\u00f1a, Del Ponte e Ashiro Advogados Sheila Neder Cerezetti , Professora de Direito Comercial USP<br \/>\nRelatoria: Filipe Guimar\u00e3es, S\u00f3cio Galdino &amp; Coelho Advogados<br \/>\ntma.atende@tmabrasil.org +55 11 3468-0110<br \/>\nDe segunda \u00e0 sexta-feira das 09h00 \u00e0s 17h00<\/p>","protected":false},"excerpt":{"rendered":"<p>Vagas limitadas. Moderadora: Renata Oliveira, S\u00f3cia Machado Meyer Advogados Debatedores: Alberto Cami\u00f1a, S\u00f3cio Cami\u00f1a, Del Ponte e Ashiro Advogados Sheila Neder Cerezetti , Professora de Direito Comercial USP Relatoria: Filipe [&hellip;]<\/p>\n","protected":false},"author":1,"featured_media":11718,"template":"","meta":{"_acf_changed":false,"episode_type":"","audio_file":"","podmotor_file_id":"","podmotor_episode_id":"","cover_image":"","cover_image_id":"","duration":"","filesize":"","filesize_raw":"","date_recorded":"","explicit":"","block":"","itunes_episode_number":"","itunes_title":"","itunes_season_number":"","itunes_episode_type":"","_tribe_events_status":"","_tribe_events_status_reason":"","footnotes":""},"tags":[],"tribe_events_cat":[156],"class_list":["post-11586","tribe_events","type-tribe_events","status-publish","has-post-thumbnail","hentry","tribe_events_cat-evento-realizado","cat_evento-realizado"],"acf":[],"_links":{"self":[{"href":"https:\/\/p3.rvinfo.com.br\/en\/wp-json\/wp\/v2\/tribe_events\/11586","targetHints":{"allow":["GET"]}}],"collection":[{"href":"https:\/\/p3.rvinfo.com.br\/en\/wp-json\/wp\/v2\/tribe_events"}],"about":[{"href":"https:\/\/p3.rvinfo.com.br\/en\/wp-json\/wp\/v2\/types\/tribe_events"}],"author":[{"embeddable":true,"href":"https:\/\/p3.rvinfo.com.br\/en\/wp-json\/wp\/v2\/users\/1"}],"version-history":[{"count":1,"href":"https:\/\/p3.rvinfo.com.br\/en\/wp-json\/wp\/v2\/tribe_events\/11586\/revisions"}],"predecessor-version":[{"id":12207,"href":"https:\/\/p3.rvinfo.com.br\/en\/wp-json\/wp\/v2\/tribe_events\/11586\/revisions\/12207"}],"wp:featuredmedia":[{"embeddable":true,"href":"https:\/\/p3.rvinfo.com.br\/en\/wp-json\/wp\/v2\/media\/11718"}],"wp:attachment":[{"href":"https:\/\/p3.rvinfo.com.br\/en\/wp-json\/wp\/v2\/media?parent=11586"}],"wp:term":[{"taxonomy":"post_tag","embeddable":true,"href":"https:\/\/p3.rvinfo.com.br\/en\/wp-json\/wp\/v2\/tags?post=11586"},{"taxonomy":"tribe_events_cat","embeddable":true,"href":"https:\/\/p3.rvinfo.com.br\/en\/wp-json\/wp\/v2\/tribe_events_cat?post=11586"}],"curies":[{"name":"wp","href":"https:\/\/api.w.org\/{rel}","templated":true}]}}

2ª Quarta Online &#8211; Série: Aniversário de 01 ano da reforma da Lei de RJ e Falência &#8211; Consolidação Processual e Substancial: Decisões Recentes

<p>Vagas limitadas.<br />
Moderadora: Renata Oliveira, Sócia Machado Meyer Advogados<br />
Debatedores: Alberto Camiña, Sócio Camiña, Del Ponte e Ashiro Advogados Sheila Neder Cerezetti , Professora de Direito Comercial USP<br />
Relatoria: Filipe Guimarães, Sócio Galdino &amp; Coelho Advogados<br />
tma.atende@tmabrasil.org +55 11 3468-0110<br />
De segunda à sexta-feira das 09h00 às 17h00</p>

<p>Vagas limitadas. Moderadora: Renata Oliveira, Sócia Machado Meyer Advogados Debatedores: Alberto Camiña, Sócio Camiña, Del Ponte e Ashiro Advogados Sheila Neder Cerezetti , Professora de Direito Comercial USP Relatoria: Filipe [&hellip;]</p>
