{"id":11587,"date":"2025-10-18T14:55:57","date_gmt":"2025-10-18T17:55:57","guid":{"rendered":"https:\/\/p3.rvinfo.com.br\/evento\/quarta-online-serie-aniversario-de-01-ano-da-reforma-da-lei-de-rj-e-falencia-aspectos-legais-e-praticos-da-tutela-cautelar-antecedente\/"},"modified":"2025-10-20T20:15:26","modified_gmt":"2025-10-20T23:15:26","slug":"quarta-online-serie-aniversario-de-01-ano-da-reforma-da-lei-de-rj-e-falencia-aspectos-legais-e-praticos-da-tutela-cautelar-antecedente","status":"publish","type":"tribe_events","link":"https:\/\/p3.rvinfo.com.br\/en\/evento\/quarta-online-serie-aniversario-de-01-ano-da-reforma-da-lei-de-rj-e-falencia-aspectos-legais-e-praticos-da-tutela-cautelar-antecedente\/","title":{"rendered":"Quarta Online &#8211; S\u00e9rie: Anivers\u00e1rio de 01 ano da reforma da lei de RJ e Fal\u00eancia &#8211; Aspectos Legais e Pr\u00e1ticos da Tutela Cautelar Antecedente"},"content":{"rendered":"<p>Vagas limitadas.<br \/>\nModerador: Luiz Gustavo Bacelar, S\u00f3cio Luiz Gustavo Bacelar Advogados Debatedores:<br \/>\nMarcelo Sacramone, S\u00f3cio SOB Advogados Renata Mota Maciel, Ju\u00edza de Direito da 2\u00aa Vara Empresarial e de Conflitos de Arbitragem da Capital\/SP<br \/>\nRelatoria: Natalia Yazbek, L\u00edder da \u00c1rea de Reestrutura\u00e7\u00e3o e Insolv\u00eancia BMA Advogados<br \/>\ntma.atende@tmabrasil.org +55 11 3468-0110<br \/>\nDe segunda \u00e0 sexta-feira das 09h00 \u00e0s 17h00<\/p>","protected":false},"excerpt":{"rendered":"<p>Vagas limitadas. Moderador: Luiz Gustavo Bacelar, S\u00f3cio Luiz Gustavo Bacelar Advogados Debatedores: Marcelo Sacramone, S\u00f3cio SOB Advogados Renata Mota Maciel, Ju\u00edza de Direito da 2\u00aa Vara Empresarial e de Conflitos [&hellip;]<\/p>\n","protected":false},"author":1,"featured_media":11885,"template":"","meta":{"_acf_changed":false,"episode_type":"","audio_file":"","podmotor_file_id":"","podmotor_episode_id":"","cover_image":"","cover_image_id":"","duration":"","filesize":"","filesize_raw":"","date_recorded":"","explicit":"","block":"","itunes_episode_number":"","itunes_title":"","itunes_season_number":"","itunes_episode_type":"","_tribe_events_status":"","_tribe_events_status_reason":"","footnotes":""},"tags":[],"tribe_events_cat":[156],"class_list":["post-11587","tribe_events","type-tribe_events","status-publish","has-post-thumbnail","hentry","tribe_events_cat-evento-realizado","cat_evento-realizado"],"acf":[],"_links":{"self":[{"href":"https:\/\/p3.rvinfo.com.br\/en\/wp-json\/wp\/v2\/tribe_events\/11587","targetHints":{"allow":["GET"]}}],"collection":[{"href":"https:\/\/p3.rvinfo.com.br\/en\/wp-json\/wp\/v2\/tribe_events"}],"about":[{"href":"https:\/\/p3.rvinfo.com.br\/en\/wp-json\/wp\/v2\/types\/tribe_events"}],"author":[{"embeddable":true,"href":"https:\/\/p3.rvinfo.com.br\/en\/wp-json\/wp\/v2\/users\/1"}],"version-history":[{"count":1,"href":"https:\/\/p3.rvinfo.com.br\/en\/wp-json\/wp\/v2\/tribe_events\/11587\/revisions"}],"predecessor-version":[{"id":12208,"href":"https:\/\/p3.rvinfo.com.br\/en\/wp-json\/wp\/v2\/tribe_events\/11587\/revisions\/12208"}],"wp:featuredmedia":[{"embeddable":true,"href":"https:\/\/p3.rvinfo.com.br\/en\/wp-json\/wp\/v2\/media\/11885"}],"wp:attachment":[{"href":"https:\/\/p3.rvinfo.com.br\/en\/wp-json\/wp\/v2\/media?parent=11587"}],"wp:term":[{"taxonomy":"post_tag","embeddable":true,"href":"https:\/\/p3.rvinfo.com.br\/en\/wp-json\/wp\/v2\/tags?post=11587"},{"taxonomy":"tribe_events_cat","embeddable":true,"href":"https:\/\/p3.rvinfo.com.br\/en\/wp-json\/wp\/v2\/tribe_events_cat?post=11587"}],"curies":[{"name":"wp","href":"https:\/\/api.w.org\/{rel}","templated":true}]}}

Quarta Online &#8211; Série: Aniversário de 01 ano da reforma da lei de RJ e Falência &#8211; Aspectos Legais e Práticos da Tutela Cautelar Antecedente

<p>Vagas limitadas.<br />
Moderador: Luiz Gustavo Bacelar, Sócio Luiz Gustavo Bacelar Advogados Debatedores:<br />
Marcelo Sacramone, Sócio SOB Advogados Renata Mota Maciel, Juíza de Direito da 2ª Vara Empresarial e de Conflitos de Arbitragem da Capital/SP<br />
Relatoria: Natalia Yazbek, Líder da Área de Reestruturação e Insolvência BMA Advogados<br />
tma.atende@tmabrasil.org +55 11 3468-0110<br />
De segunda à sexta-feira das 09h00 às 17h00</p>

<p>Vagas limitadas. Moderador: Luiz Gustavo Bacelar, Sócio Luiz Gustavo Bacelar Advogados Debatedores: Marcelo Sacramone, Sócio SOB Advogados Renata Mota Maciel, Juíza de Direito da 2ª Vara Empresarial e de Conflitos [&hellip;]</p>
