{"id":11589,"date":"2025-10-18T14:56:00","date_gmt":"2025-10-18T17:56:00","guid":{"rendered":"https:\/\/p3.rvinfo.com.br\/evento\/evento-de-encerramento-do-ano-2021-tma-brasil-palestra-vinho\/"},"modified":"2025-10-20T20:20:33","modified_gmt":"2025-10-20T23:20:33","slug":"evento-de-encerramento-do-ano-2021-tma-brasil-palestra-vinho","status":"publish","type":"tribe_events","link":"https:\/\/p3.rvinfo.com.br\/en\/evento\/evento-de-encerramento-do-ano-2021-tma-brasil-palestra-vinho\/","title":{"rendered":"Evento de encerramento do ano 2021 TMA Brasil &#8211; Palestra &amp; Vinho"},"content":{"rendered":"<p>Vagas limitadas.<br \/>\nModerador:<br \/>\nAdriano Piovezan, CEO Lance Judicial<br \/>\nDebatedores:<br \/>\nAdrianna Chamb\u00f4 Eiger, S\u00f3cia Galdino &amp; Coelho Advogados<br \/>\nExmo. Paulo Furtado, \u00a0Juiz da 2\u00aa Vara de Fal\u00eancias e RJ de S\u00e3o Paulo SP<br \/>\nJoice Ruiz, S\u00f3cia AJ Ruiz Administra\u00e7\u00e3o Judicial Relatoria:<br \/>\nAdriana Lucena, S\u00f3cia diretora ALA Consultoria e Administra\u00e7\u00e3o Judicial<br \/>\ntma.atende@tmabrasil.org +55 11 3468-0110<br \/>\nDe segunda \u00e0 sexta-feira das 09h00 \u00e0s 17h00<\/p>","protected":false},"excerpt":{"rendered":"<p>Vagas limitadas. Moderador: Adriano Piovezan, CEO Lance Judicial Debatedores: Adrianna Chamb\u00f4 Eiger, S\u00f3cia Galdino &amp; Coelho Advogados Exmo. Paulo Furtado, \u00a0Juiz da 2\u00aa Vara de Fal\u00eancias e RJ de S\u00e3o [&hellip;]<\/p>\n","protected":false},"author":2216,"featured_media":11818,"template":"","meta":{"_acf_changed":false,"episode_type":"","audio_file":"","podmotor_file_id":"","podmotor_episode_id":"","cover_image":"","cover_image_id":"","duration":"","filesize":"","filesize_raw":"","date_recorded":"","explicit":"","block":"","itunes_episode_number":"","itunes_title":"","itunes_season_number":"","itunes_episode_type":"","_tribe_events_status":"","_tribe_events_status_reason":"","footnotes":""},"tags":[],"tribe_events_cat":[],"class_list":["post-11589","tribe_events","type-tribe_events","status-publish","has-post-thumbnail","hentry"],"acf":[],"_links":{"self":[{"href":"https:\/\/p3.rvinfo.com.br\/en\/wp-json\/wp\/v2\/tribe_events\/11589","targetHints":{"allow":["GET"]}}],"collection":[{"href":"https:\/\/p3.rvinfo.com.br\/en\/wp-json\/wp\/v2\/tribe_events"}],"about":[{"href":"https:\/\/p3.rvinfo.com.br\/en\/wp-json\/wp\/v2\/types\/tribe_events"}],"author":[{"embeddable":true,"href":"https:\/\/p3.rvinfo.com.br\/en\/wp-json\/wp\/v2\/users\/2216"}],"version-history":[{"count":1,"href":"https:\/\/p3.rvinfo.com.br\/en\/wp-json\/wp\/v2\/tribe_events\/11589\/revisions"}],"predecessor-version":[{"id":12210,"href":"https:\/\/p3.rvinfo.com.br\/en\/wp-json\/wp\/v2\/tribe_events\/11589\/revisions\/12210"}],"wp:featuredmedia":[{"embeddable":true,"href":"https:\/\/p3.rvinfo.com.br\/en\/wp-json\/wp\/v2\/media\/11818"}],"wp:attachment":[{"href":"https:\/\/p3.rvinfo.com.br\/en\/wp-json\/wp\/v2\/media?parent=11589"}],"wp:term":[{"taxonomy":"post_tag","embeddable":true,"href":"https:\/\/p3.rvinfo.com.br\/en\/wp-json\/wp\/v2\/tags?post=11589"},{"taxonomy":"tribe_events_cat","embeddable":true,"href":"https:\/\/p3.rvinfo.com.br\/en\/wp-json\/wp\/v2\/tribe_events_cat?post=11589"}],"curies":[{"name":"wp","href":"https:\/\/api.w.org\/{rel}","templated":true}]}}

<p>Vagas limitadas.<br />
Moderador:<br />
Adriano Piovezan, CEO Lance Judicial<br />
Debatedores:<br />
Adrianna Chambô Eiger, Sócia Galdino &amp; Coelho Advogados<br />
Exmo. Paulo Furtado,  Juiz da 2ª Vara de Falências e RJ de São Paulo SP<br />
Joice Ruiz, Sócia AJ Ruiz Administração Judicial Relatoria:<br />
Adriana Lucena, Sócia diretora ALA Consultoria e Administração Judicial<br />
tma.atende@tmabrasil.org +55 11 3468-0110<br />
De segunda à sexta-feira das 09h00 às 17h00</p>

<p>Vagas limitadas. Moderador: Adriano Piovezan, CEO Lance Judicial Debatedores: Adrianna Chambô Eiger, Sócia Galdino &amp; Coelho Advogados Exmo. Paulo Furtado,  Juiz da 2ª Vara de Falências e RJ de São [&hellip;]</p>
