{"id":11590,"date":"2025-10-18T14:56:00","date_gmt":"2025-10-18T17:56:00","guid":{"rendered":"https:\/\/p3.rvinfo.com.br\/evento\/quarta-online-plano-na-falencia\/"},"modified":"2025-10-20T20:49:44","modified_gmt":"2025-10-20T23:49:44","slug":"quarta-online-plano-na-falencia","status":"publish","type":"tribe_events","link":"https:\/\/p3.rvinfo.com.br\/en\/evento\/quarta-online-plano-na-falencia\/","title":{"rendered":"Quarta Online &#8211; Plano na Fal\u00eancia"},"content":{"rendered":"<p>Vagas limitadas.<br \/>\nModerador:<br \/>\nPaulo Campana, S\u00f3cio Veirano Advogados<br \/>\nDebatedores:<br \/>\nAlexandre Faro, S\u00f3cio FASV Advogados<br \/>\nExma. Maria Rita Rebello, Ju\u00edza 3\u00aa vara de Fal\u00eancias e RJ SP<br \/>\nPedro Bruning do Val, Associado BTG Pactual<br \/>\nRelatoria:<br \/>\nFernanda Martins, Advogada Medeiros &amp; Medeiros<br \/>\ntma.atende@tmabrasil.org +55 11 3468-0110<br \/>\nDe segunda \u00e0 sexta-feira das 09h00 \u00e0s 17h00<\/p>","protected":false},"excerpt":{"rendered":"<p>Vagas limitadas. Moderador: Paulo Campana, S\u00f3cio Veirano Advogados Debatedores: Alexandre Faro, S\u00f3cio FASV Advogados Exma. Maria Rita Rebello, Ju\u00edza 3\u00aa vara de Fal\u00eancias e RJ SP Pedro Bruning do Val, [&hellip;]<\/p>\n","protected":false},"author":2216,"featured_media":11881,"template":"","meta":{"_acf_changed":false,"episode_type":"","audio_file":"","podmotor_file_id":"","podmotor_episode_id":"","cover_image":"","cover_image_id":"","duration":"","filesize":"","filesize_raw":"","date_recorded":"","explicit":"","block":"","itunes_episode_number":"","itunes_title":"","itunes_season_number":"","itunes_episode_type":"","_tribe_events_status":"","_tribe_events_status_reason":"","footnotes":""},"tags":[],"tribe_events_cat":[],"class_list":["post-11590","tribe_events","type-tribe_events","status-publish","has-post-thumbnail","hentry"],"acf":[],"_links":{"self":[{"href":"https:\/\/p3.rvinfo.com.br\/en\/wp-json\/wp\/v2\/tribe_events\/11590","targetHints":{"allow":["GET"]}}],"collection":[{"href":"https:\/\/p3.rvinfo.com.br\/en\/wp-json\/wp\/v2\/tribe_events"}],"about":[{"href":"https:\/\/p3.rvinfo.com.br\/en\/wp-json\/wp\/v2\/types\/tribe_events"}],"author":[{"embeddable":true,"href":"https:\/\/p3.rvinfo.com.br\/en\/wp-json\/wp\/v2\/users\/2216"}],"version-history":[{"count":1,"href":"https:\/\/p3.rvinfo.com.br\/en\/wp-json\/wp\/v2\/tribe_events\/11590\/revisions"}],"predecessor-version":[{"id":12227,"href":"https:\/\/p3.rvinfo.com.br\/en\/wp-json\/wp\/v2\/tribe_events\/11590\/revisions\/12227"}],"wp:featuredmedia":[{"embeddable":true,"href":"https:\/\/p3.rvinfo.com.br\/en\/wp-json\/wp\/v2\/media\/11881"}],"wp:attachment":[{"href":"https:\/\/p3.rvinfo.com.br\/en\/wp-json\/wp\/v2\/media?parent=11590"}],"wp:term":[{"taxonomy":"post_tag","embeddable":true,"href":"https:\/\/p3.rvinfo.com.br\/en\/wp-json\/wp\/v2\/tags?post=11590"},{"taxonomy":"tribe_events_cat","embeddable":true,"href":"https:\/\/p3.rvinfo.com.br\/en\/wp-json\/wp\/v2\/tribe_events_cat?post=11590"}],"curies":[{"name":"wp","href":"https:\/\/api.w.org\/{rel}","templated":true}]}}

Quarta Online &#8211; Plano na Falência

<p>Vagas limitadas.<br />
Moderador:<br />
Paulo Campana, Sócio Veirano Advogados<br />
Debatedores:<br />
Alexandre Faro, Sócio FASV Advogados<br />
Exma. Maria Rita Rebello, Juíza 3ª vara de Falências e RJ SP<br />
Pedro Bruning do Val, Associado BTG Pactual<br />
Relatoria:<br />
Fernanda Martins, Advogada Medeiros &amp; Medeiros<br />
tma.atende@tmabrasil.org +55 11 3468-0110<br />
De segunda à sexta-feira das 09h00 às 17h00</p>

<p>Vagas limitadas. Moderador: Paulo Campana, Sócio Veirano Advogados Debatedores: Alexandre Faro, Sócio FASV Advogados Exma. Maria Rita Rebello, Juíza 3ª vara de Falências e RJ SP Pedro Bruning do Val, [&hellip;]</p>
