{"id":11592,"date":"2025-10-18T14:56:01","date_gmt":"2025-10-18T17:56:01","guid":{"rendered":"https:\/\/p3.rvinfo.com.br\/evento\/mediacao-nos-processos-de-insolvencia\/"},"modified":"2025-10-20T20:52:35","modified_gmt":"2025-10-20T23:52:35","slug":"mediacao-nos-processos-de-insolvencia","status":"publish","type":"tribe_events","link":"https:\/\/p3.rvinfo.com.br\/en\/evento\/mediacao-nos-processos-de-insolvencia\/","title":{"rendered":"Media\u00e7\u00e3o nos Processos de Insolv\u00eancia"},"content":{"rendered":"<p>Vagas limitadas.<br \/>\nModera\u00e7\u00e3o: Thomas Felsberg, S\u00f3cio Felsberg Advogados Debatedores: Andr\u00e9 Chateaubriand, S\u00f3cio Mattos Filho Advogados Diego Faleck, S\u00f3cio Fundador Faleck &amp; Associados Simone Barros, S\u00f3cia Ferro, Castro Neves, Daltro e Gomide Advogados<br \/>\nRelatoria: Fl\u00e1vio Lopes, S\u00f3cio Brito e Torres Advocacia<br \/>\ntma.atende@tmabrasil.org +55 11 3468-0110<br \/>\nDe segunda \u00e0 sexta-feira das 09h00 \u00e0s 17h00<\/p>","protected":false},"excerpt":{"rendered":"<p>Vagas limitadas. Modera\u00e7\u00e3o: Thomas Felsberg, S\u00f3cio Felsberg Advogados Debatedores: Andr\u00e9 Chateaubriand, S\u00f3cio Mattos Filho Advogados Diego Faleck, S\u00f3cio Fundador Faleck &amp; Associados Simone Barros, S\u00f3cia Ferro, Castro Neves, Daltro e [&hellip;]<\/p>\n","protected":false},"author":2216,"featured_media":11825,"template":"","meta":{"_acf_changed":false,"episode_type":"","audio_file":"","podmotor_file_id":"","podmotor_episode_id":"","cover_image":"","cover_image_id":"","duration":"","filesize":"","filesize_raw":"","date_recorded":"","explicit":"","block":"","itunes_episode_number":"","itunes_title":"","itunes_season_number":"","itunes_episode_type":"","_tribe_events_status":"","_tribe_events_status_reason":"","footnotes":""},"tags":[],"tribe_events_cat":[],"class_list":["post-11592","tribe_events","type-tribe_events","status-publish","has-post-thumbnail","hentry"],"acf":[],"_links":{"self":[{"href":"https:\/\/p3.rvinfo.com.br\/en\/wp-json\/wp\/v2\/tribe_events\/11592","targetHints":{"allow":["GET"]}}],"collection":[{"href":"https:\/\/p3.rvinfo.com.br\/en\/wp-json\/wp\/v2\/tribe_events"}],"about":[{"href":"https:\/\/p3.rvinfo.com.br\/en\/wp-json\/wp\/v2\/types\/tribe_events"}],"author":[{"embeddable":true,"href":"https:\/\/p3.rvinfo.com.br\/en\/wp-json\/wp\/v2\/users\/2216"}],"version-history":[{"count":1,"href":"https:\/\/p3.rvinfo.com.br\/en\/wp-json\/wp\/v2\/tribe_events\/11592\/revisions"}],"predecessor-version":[{"id":12229,"href":"https:\/\/p3.rvinfo.com.br\/en\/wp-json\/wp\/v2\/tribe_events\/11592\/revisions\/12229"}],"wp:featuredmedia":[{"embeddable":true,"href":"https:\/\/p3.rvinfo.com.br\/en\/wp-json\/wp\/v2\/media\/11825"}],"wp:attachment":[{"href":"https:\/\/p3.rvinfo.com.br\/en\/wp-json\/wp\/v2\/media?parent=11592"}],"wp:term":[{"taxonomy":"post_tag","embeddable":true,"href":"https:\/\/p3.rvinfo.com.br\/en\/wp-json\/wp\/v2\/tags?post=11592"},{"taxonomy":"tribe_events_cat","embeddable":true,"href":"https:\/\/p3.rvinfo.com.br\/en\/wp-json\/wp\/v2\/tribe_events_cat?post=11592"}],"curies":[{"name":"wp","href":"https:\/\/api.w.org\/{rel}","templated":true}]}}

Mediação nos Processos de Insolvência

<p>Vagas limitadas.<br />
Moderação: Thomas Felsberg, Sócio Felsberg Advogados Debatedores: André Chateaubriand, Sócio Mattos Filho Advogados Diego Faleck, Sócio Fundador Faleck &amp; Associados Simone Barros, Sócia Ferro, Castro Neves, Daltro e Gomide Advogados<br />
Relatoria: Flávio Lopes, Sócio Brito e Torres Advocacia<br />
tma.atende@tmabrasil.org +55 11 3468-0110<br />
De segunda à sexta-feira das 09h00 às 17h00</p>

<p>Vagas limitadas. Moderação: Thomas Felsberg, Sócio Felsberg Advogados Debatedores: André Chateaubriand, Sócio Mattos Filho Advogados Diego Faleck, Sócio Fundador Faleck &amp; Associados Simone Barros, Sócia Ferro, Castro Neves, Daltro e [&hellip;]</p>
