{"id":11595,"date":"2025-10-18T14:56:04","date_gmt":"2025-10-18T17:56:04","guid":{"rendered":"https:\/\/p3.rvinfo.com.br\/evento\/nextgen-caso-bva\/"},"modified":"2025-10-20T21:00:55","modified_gmt":"2025-10-21T00:00:55","slug":"nextgen-caso-bva","status":"publish","type":"tribe_events","link":"https:\/\/p3.rvinfo.com.br\/en\/evento\/nextgen-caso-bva\/","title":{"rendered":"NextGen Caso: BVA"},"content":{"rendered":"<p>Vagas limitadas.<br \/>\nMentoria:<br \/>\nFrancisco Pedro Soares Brand\u00e3o, S\u00f3cio BY Capital Luis Augusto Roux Azevedo, S\u00f3cio Motta Fernandes Advogados<br \/>\nNextGen:<br \/>\nDanielly Santos de Araujo, Advogada PG Law Advogados Fernando Balotin, S\u00f3cio Valuup Consultoria Henrique Caramelo Eccher, Advogado no Banco Daycoval Maria Vict\u00f3ria Mangeon Knorr, Advogada Motta Fernandes Advogados N\u00fabia Bufarah, Advogada Senior Tozzini Freire Advogados Victor Salgado, Advogado Pleno Wongtschowski &amp; Zanotta Advogados<br \/>\ntma.atende@tmabrasil.org +55 11 3468-0110<br \/>\nDe segunda \u00e0 sexta-feira das 09h00 \u00e0s 17h00<\/p>","protected":false},"excerpt":{"rendered":"<p>Vagas limitadas. Mentoria: Francisco Pedro Soares Brand\u00e3o, S\u00f3cio BY Capital Luis Augusto Roux Azevedo, S\u00f3cio Motta Fernandes Advogados NextGen: Danielly Santos de Araujo, Advogada PG Law Advogados Fernando Balotin, S\u00f3cio [&hellip;]<\/p>\n","protected":false},"author":1,"featured_media":11842,"template":"","meta":{"_acf_changed":false,"episode_type":"","audio_file":"","podmotor_file_id":"","podmotor_episode_id":"","cover_image":"","cover_image_id":"","duration":"","filesize":"","filesize_raw":"","date_recorded":"","explicit":"","block":"","itunes_episode_number":"","itunes_title":"","itunes_season_number":"","itunes_episode_type":"","_tribe_events_status":"","_tribe_events_status_reason":"","footnotes":""},"tags":[],"tribe_events_cat":[156],"class_list":["post-11595","tribe_events","type-tribe_events","status-publish","has-post-thumbnail","hentry","tribe_events_cat-evento-realizado","cat_evento-realizado"],"acf":[],"_links":{"self":[{"href":"https:\/\/p3.rvinfo.com.br\/en\/wp-json\/wp\/v2\/tribe_events\/11595","targetHints":{"allow":["GET"]}}],"collection":[{"href":"https:\/\/p3.rvinfo.com.br\/en\/wp-json\/wp\/v2\/tribe_events"}],"about":[{"href":"https:\/\/p3.rvinfo.com.br\/en\/wp-json\/wp\/v2\/types\/tribe_events"}],"author":[{"embeddable":true,"href":"https:\/\/p3.rvinfo.com.br\/en\/wp-json\/wp\/v2\/users\/1"}],"version-history":[{"count":1,"href":"https:\/\/p3.rvinfo.com.br\/en\/wp-json\/wp\/v2\/tribe_events\/11595\/revisions"}],"predecessor-version":[{"id":12236,"href":"https:\/\/p3.rvinfo.com.br\/en\/wp-json\/wp\/v2\/tribe_events\/11595\/revisions\/12236"}],"wp:featuredmedia":[{"embeddable":true,"href":"https:\/\/p3.rvinfo.com.br\/en\/wp-json\/wp\/v2\/media\/11842"}],"wp:attachment":[{"href":"https:\/\/p3.rvinfo.com.br\/en\/wp-json\/wp\/v2\/media?parent=11595"}],"wp:term":[{"taxonomy":"post_tag","embeddable":true,"href":"https:\/\/p3.rvinfo.com.br\/en\/wp-json\/wp\/v2\/tags?post=11595"},{"taxonomy":"tribe_events_cat","embeddable":true,"href":"https:\/\/p3.rvinfo.com.br\/en\/wp-json\/wp\/v2\/tribe_events_cat?post=11595"}],"curies":[{"name":"wp","href":"https:\/\/api.w.org\/{rel}","templated":true}]}}

<p>Vagas limitadas.<br />
Mentoria:<br />
Francisco Pedro Soares Brandão, Sócio BY Capital Luis Augusto Roux Azevedo, Sócio Motta Fernandes Advogados<br />
NextGen:<br />
Danielly Santos de Araujo, Advogada PG Law Advogados Fernando Balotin, Sócio Valuup Consultoria Henrique Caramelo Eccher, Advogado no Banco Daycoval Maria Victória Mangeon Knorr, Advogada Motta Fernandes Advogados Núbia Bufarah, Advogada Senior Tozzini Freire Advogados Victor Salgado, Advogado Pleno Wongtschowski &amp; Zanotta Advogados<br />
tma.atende@tmabrasil.org +55 11 3468-0110<br />
De segunda à sexta-feira das 09h00 às 17h00</p>

<p>Vagas limitadas. Mentoria: Francisco Pedro Soares Brandão, Sócio BY Capital Luis Augusto Roux Azevedo, Sócio Motta Fernandes Advogados NextGen: Danielly Santos de Araujo, Advogada PG Law Advogados Fernando Balotin, Sócio [&hellip;]</p>
