{"id":11597,"date":"2025-10-18T14:56:05","date_gmt":"2025-10-18T17:56:05","guid":{"rendered":"https:\/\/p3.rvinfo.com.br\/evento\/solucao-em-foco-as-garantias-na-rj-classificacao-do-credito-e-voto\/"},"modified":"2025-10-20T19:43:52","modified_gmt":"2025-10-20T22:43:52","slug":"solucao-em-foco-as-garantias-na-rj-classificacao-do-credito-e-voto","status":"publish","type":"tribe_events","link":"https:\/\/p3.rvinfo.com.br\/en\/evento\/solucao-em-foco-as-garantias-na-rj-classificacao-do-credito-e-voto\/","title":{"rendered":"Solu\u00e7\u00e3o em Foco &#8211; As Garantias na RJ: Classifica\u00e7\u00e3o do cr\u00e9dito e voto"},"content":{"rendered":"<p>Vagas limitadas.<br \/>\nModera\u00e7\u00e3o: Marcelo von Adamek, S\u00f3cio Advocacia von Adamek<br \/>\nDebatedores: Luis Roux, S\u00f3cio Motta Fernandes Advogados Simone Barros, S\u00f3cia FCDG Advogados<br \/>\nRelatoria: Otavio Balbino, S\u00f3cio-fundador Paoli Balbino &amp; Barros Advogados<br \/>\ntma.atende@tmabrasil.org +55 11 3468-0110<br \/>\nDe segunda \u00e0 sexta-feira das 09h00 \u00e0s 17h00<\/p>","protected":false},"excerpt":{"rendered":"<p>Vagas limitadas. Modera\u00e7\u00e3o: Marcelo von Adamek, S\u00f3cio Advocacia von Adamek Debatedores: Luis Roux, S\u00f3cio Motta Fernandes Advogados Simone Barros, S\u00f3cia FCDG Advogados Relatoria: Otavio Balbino, S\u00f3cio-fundador Paoli Balbino &amp; Barros [&hellip;]<\/p>\n","protected":false},"author":1,"featured_media":11915,"template":"","meta":{"_acf_changed":false,"episode_type":"","audio_file":"","podmotor_file_id":"","podmotor_episode_id":"","cover_image":"","cover_image_id":"","duration":"","filesize":"","filesize_raw":"","date_recorded":"","explicit":"","block":"","itunes_episode_number":"","itunes_title":"","itunes_season_number":"","itunes_episode_type":"","_tribe_events_status":"","_tribe_events_status_reason":"","footnotes":""},"tags":[],"tribe_events_cat":[156],"class_list":["post-11597","tribe_events","type-tribe_events","status-publish","has-post-thumbnail","hentry","tribe_events_cat-evento-realizado","cat_evento-realizado"],"acf":[],"_links":{"self":[{"href":"https:\/\/p3.rvinfo.com.br\/en\/wp-json\/wp\/v2\/tribe_events\/11597","targetHints":{"allow":["GET"]}}],"collection":[{"href":"https:\/\/p3.rvinfo.com.br\/en\/wp-json\/wp\/v2\/tribe_events"}],"about":[{"href":"https:\/\/p3.rvinfo.com.br\/en\/wp-json\/wp\/v2\/types\/tribe_events"}],"author":[{"embeddable":true,"href":"https:\/\/p3.rvinfo.com.br\/en\/wp-json\/wp\/v2\/users\/1"}],"version-history":[{"count":1,"href":"https:\/\/p3.rvinfo.com.br\/en\/wp-json\/wp\/v2\/tribe_events\/11597\/revisions"}],"predecessor-version":[{"id":12189,"href":"https:\/\/p3.rvinfo.com.br\/en\/wp-json\/wp\/v2\/tribe_events\/11597\/revisions\/12189"}],"wp:featuredmedia":[{"embeddable":true,"href":"https:\/\/p3.rvinfo.com.br\/en\/wp-json\/wp\/v2\/media\/11915"}],"wp:attachment":[{"href":"https:\/\/p3.rvinfo.com.br\/en\/wp-json\/wp\/v2\/media?parent=11597"}],"wp:term":[{"taxonomy":"post_tag","embeddable":true,"href":"https:\/\/p3.rvinfo.com.br\/en\/wp-json\/wp\/v2\/tags?post=11597"},{"taxonomy":"tribe_events_cat","embeddable":true,"href":"https:\/\/p3.rvinfo.com.br\/en\/wp-json\/wp\/v2\/tribe_events_cat?post=11597"}],"curies":[{"name":"wp","href":"https:\/\/api.w.org\/{rel}","templated":true}]}}

Solução em Foco &#8211; As Garantias na RJ: Classificação do crédito e voto

<p>Vagas limitadas.<br />
Moderação: Marcelo von Adamek, Sócio Advocacia von Adamek<br />
Debatedores: Luis Roux, Sócio Motta Fernandes Advogados Simone Barros, Sócia FCDG Advogados<br />
Relatoria: Otavio Balbino, Sócio-fundador Paoli Balbino &amp; Barros Advogados<br />
tma.atende@tmabrasil.org +55 11 3468-0110<br />
De segunda à sexta-feira das 09h00 às 17h00</p>

<p>Vagas limitadas. Moderação: Marcelo von Adamek, Sócio Advocacia von Adamek Debatedores: Luis Roux, Sócio Motta Fernandes Advogados Simone Barros, Sócia FCDG Advogados Relatoria: Otavio Balbino, Sócio-fundador Paoli Balbino &amp; Barros [&hellip;]</p>
